 = -m + 6*m. Let z = 56 - m. Let h = z + -23. What are the prime factors of h?
2, 7
Let y(h) = -h**3 + 4*h**2 + 7*h - 5. Let q(a) = a**2 - 5*a - 7. Let m(s) = 1. Let b(x) = -6*m(x) - q(x). Let n be b(4). List the prime factors of y(n).
5
Let m(p) = 3*p**2 - 3*p - 2. Let f be m(5). Suppose -s = -f + 13. What are the prime factors of s?
3, 5
Suppose 2*s - a - 10 = 13, 3*a = s + 1. Suppose 4*n - 5*n = -s. List the prime factors of n.
2, 7
List the prime factors of ((-200)/(-60))/(2/12).
2, 5
Suppose -10 = -q - 7. What are the prime factors of q?
3
Let o be (3/(-2))/(3/(-10)). Suppose 2*p = 1 - o, -7 = 5*b + p. List the prime factors of (-1)/b*7/1.
7
Let i(o) = -4*o**3 - 2*o**2 + 1. Let k be i(-1). Let t(u) = k + 12 - u - 5. What are the prime factors of t(0)?
2, 5
Suppose -4*g - 2*p = -156, -p - 59 = -4*g + 109. What are the prime factors of g?
41
Suppose 0 = 3*h - 110 + 353. Let a = -46 - h. Let r = -20 + a. What are the prime factors of r?
3, 5
Let r = -40 - -26. List the prime factors of (-52)/r - 6/(-21).
2
Let t(g) = -g**2 - 3*g + 4. Suppose -2*x + 0 = 6. Let p be t(x). Let c = 3 + p. What are the prime factors of c?
7
Suppose 5*a - 187 = -h, 437 = -4*h - 5*a + 1170. List the prime factors of h/10 + (-2)/10.
2, 3
Let t(j) be the first derivative of 2*j**3/3 - 2*j + 7. Let o be 8/5 + (-2)/(-5). List the prime factors of t(o).
2, 3
Let q(r) = -r**2 + 3*r + 3. Let j be q(-2). What are the prime factors of j/(-21) + (-28)/(-6)?
5
Suppose 2*c = r - 6*r + 789, 0 = -c - 2*r + 393. What are the prime factors of c?
3, 43
Let q be 2*(-2 - -3 - 2). Let r be 74/10 + q/5. Suppose 3*d + r + 6 = -5*u, -5*d - u + 15 = 0. List the prime factors of d.
2
Let j(x) = 10*x**3 - 6*x**2 + 5*x + 4. List the prime factors of j(3).
5, 47
Let u = 21 - 9. Let k = 2 - u. Let d = 19 + k. What are the prime factors of d?
3
Let q be 4*3/12 - -57. Let f = 110 - q. What are the prime factors of f?
2, 13
Let g be ((-8)/3)/((-1)/6). Let x = -8 + g. Suppose -u - u = -x. What are the prime factors of u?
2
Suppose 37 = 5*z + 4*v, -5*z + 2*v = -v - 51. Suppose u = 3 + z. List the prime factors of u.
2, 3
Let x(u) = u**3 - 9*u**2 + 9*u - 6. List the prime factors of x(10).
2, 23
Suppose -8 = 2*j + 2*j. Let a = 2 + j. Suppose 3*c - 36 = -a*c. List the prime factors of c.
2, 3
Let w = -103 + 248. What are the prime factors of w?
5, 29
Suppose y - 50 - 10 = 0. What are the prime factors of y?
2, 3, 5
Let r = 0 + 4. Suppose -1 = -c + 3. Suppose -c = r*l - 28. What are the prime factors of l?
2, 3
Let d = 68 + 22. What are the prime factors of d?
2, 3, 5
Let b be (-3)/((-1)/((-15)/(-3))). Let h = 9 - b. Let k = -4 - h. List the prime factors of k.
2
List the prime factors of 10/50 - (-328)/10.
3, 11
Suppose -69 - 31 = -2*g + 3*b, 2*g + 4*b = 72. List the prime factors of g.
2, 11
Let z be 2/(-5) + 72/30. Let b = 8 - z. Suppose -n - 2*n = -5*x + 4, 3*x = 3*n - b. List the prime factors of n.
7
Suppose 10 - 2 = 4*o. Suppose -7*u + 75 = -o*u. List the prime factors of u.
3, 5
Suppose 5*l - 57 - 203 = 4*d, 0 = l - 3*d - 41. Suppose 5*p + 30 = 5*v, 2*v + 2*v = -2*p. Suppose 0 = v*a + 2*a - l. List the prime factors of a.
2, 7
Let q(w) = w**2 + 3*w - 1. Let d be q(-4). What are the prime factors of ((-6)/d)/(-2) - -1?
2
Let o(x) = -4 + 0 + 4*x + 0 - 4. Let w be o(6). Suppose 5*q - 6 = 4, -5*q + w = 2*j. What are the prime factors of j?
3
Let s = 4 - 4. Suppose s = -3*k - 5*y + 58, 3*k = -2*y - 2*y + 56. List the prime factors of k.
2
Let h(o) = -4*o**3 - 22*o**2 + 16*o - 7. Let g(a) = a**3 + 7*a**2 - 5*a + 2. Let b(i) = 7*g(i) + 2*h(i). What are the prime factors of b(4)?
2
Let m be 7 + ((-6)/(-4))/((-4)/(-8)). Let z(o) = o**3 - 4*o**2 - 5. Let f be z(4). What are the prime factors of (m/(-3))/f*6?
2
What are the prime factors of (-21)/2*12/9*-4?
2, 7
List the prime factors of 9/12 + (-426)/(-8).
2, 3
Let w be (-7)/(-2)*(-72)/(-42). Let b be (-2)/w - (-10)/(-6). List the prime factors of -2 + 13 + b - 3.
2, 3
Let w be (33/6)/((-1)/(-2)). Let a(m) = m**2 + 3*m - 4. Let d(c) = 3*c**2 + 8*c - 13. Let r(l) = w*a(l) - 4*d(l). List the prime factors of r(0).
2
Suppose 0 = m + 21 - 61. Let z = -26 + m. List the prime factors of z.
2, 7
Suppose 3*r - 137 = -20. Suppose -5*p = -0*p - 115. Let v = r - p. What are the prime factors of v?
2
List the prime factors of (-1 + 1 + 110)*(-2)/(-4).
5, 11
Suppose 2*w = -2*w + 16. Let s(z) = z**3 - 3*z**2 + 5*z - 5. List the prime factors of s(w).
31
List the prime factors of 3*(14 - 0 - 2).
2, 3
Suppose 0 = y + 2*y - 30. Suppose -3 = f - y. What are the prime factors of f?
7
Suppose k = 4*k - 15. Let b(a) = 10*a - 6. Let m be b(k). Let u = 63 - m. List the prime factors of u.
19
Suppose -3*x + 4*a = -x - 128, 4*x = -5*a + 217. List the prime factors of x.
2, 29
Suppose -4*u + 19 = -5*h + 74, 0 = 4*h - 4*u - 48. Suppose 3*a - 2*o = a + 34, -4*o + h = a. What are the prime factors of a?
3, 5
Let v = -24 + 37. What are the prime factors of v?
13
Let m(t) be the second derivative of -7*t**5/20 - t**3/6 - t**2/2 - 4*t. Let v = 2 + -3. What are the prime factors of m(v)?
7
Suppose 4*a + 36 = -4*x, -a + 3*x + 2*x + 21 = 0. Suppose 2*s - 16 = 4*s. Let b = a - s. What are the prime factors of b?
2
Suppose 3 - 15 = -3*u. Suppose 3*v - 66 = -5*a, a - 20 + 85 = u*v. List the prime factors of v.
17
Let m = -9 - -12. Suppose -o - m*o = -80. List the prime factors of o.
2, 5
Let l(a) = -a**3 + a + 2. Let n be l(0). Suppose 31 = -k + n*k. What are the prime factors of k?
31
Let l(w) = 129*w + 3. List the prime factors of l(1).
2, 3, 11
Let v = 385 - 173. List the prime factors of v.
2, 53
Let g = -3 - -8. Suppose 32 = -m + g*m. List the prime factors of m.
2
Suppose -2 + 52 = -5*i - 2*b, 0 = -5*i + 4*b - 80. List the prime factors of (33/i)/(1/(-8)).
2, 11
Let l be 20/(-30)*(-2 + -1). Suppose 0 = l*m + m - 3*n - 72, 4*m - 91 = -n. What are the prime factors of m?
23
Suppose 0 = 4*y + 6 - 18. What are the prime factors of y?
3
Suppose 5*t + 15 = -3*y, -2*t - 2*y = -0*t + 10. Let g(w) = -w + 4. Let f be g(-5). Suppose 4*r - 2*p = -t*r + 10, -4*r + p = -f. List the prime factors of r.
2
Suppose k - 2 = 2*i + 3, 4*i - 5*k = -25. Suppose -1 = -w - i. What are the prime factors of w - (0/1 - 12)?
13
Suppose 3*b - 26 = 5*z, 5*z = 3*b - 7*b - 12. Suppose -k - b*k = -66. Let y = -16 + k. What are the prime factors of y?
2, 3
Suppose -5*v - 5*c - 90 = 0, -2*c + 3*c = -2. What are the prime factors of 9*(-2)/12*v?
2, 3
Let m(t) = -t**3 - 4*t**2 - t + 3. List the prime factors of m(-5).
3, 11
Let j = 17 - 34. Let z = 6 - j. List the prime factors of z.
23
Let z(u) = u**3 + 6*u**2 - 9*u + 7. Suppose -33 + 12 = 3*t. List the prime factors of z(t).
3, 7
Suppose 3*m + 4 - 10 = 0. Let a be -1 + (-3 - -29 - -1). Suppose o + 2*h = -2*o + a, m*o - 18 = -h. What are the prime factors of o?
2, 5
Let m(b) = 3*b + 1. Let j be m(-2). Let c = j - -15. What are the prime factors of c?
2, 5
Let f(j) = 4*j**2 - 1. Let y(m) = -1 + 2*m - 4*m + 4. Let c be y(2). List the prime factors of f(c).
3
Let t = -14 + 32. Suppose 7*f - 3*f - y + t = 0, -27 = 5*f + y. Let a(b) = b**2 - 4. List the prime factors of a(f).
3, 7
Let o be -4 + (60 - 5)/1. Suppose -3 = -5*s + 4*h + 8, -h + 4 = s. What are the prime factors of s*(o/9 - -1)?
2, 5
Let u(j) = j**2 + 3*j - 1. Let h be u(2). Let a(p) = p**2 - 8*p - 3. Let r be a(h). List the prime factors of (-3)/r + (-21)/(-2).
2, 5
Let y(g) be the first derivative of -g**2 + g - 2. Suppose -6 = -2*s, -s = -3*l - 2 - 4. What are the prime factors of y(l)?
3
Let p be (-1 - -4) + (2 - 0). Suppose -3*k + 31 = p*z, -5*k + 10 = -0. Suppose 0 = -z*y - 4*f + 69, -y + 3*f + 21 = 2*f. What are the prime factors of y?
17
Suppose -6*j + q = -3*j - 95, 65 = 2*j + q. What are the prime factors of j?
2
Suppose 0 = -3*p + p + 10. Suppose 0 = 2*r - 6*k + k + 28, p*r = 4*k - 70. Let q = -7 - r. List the prime factors of q.
7
Let g(y) = y - 1. Let n be g(2). List the prime factors of (12 - n) + (-15)/(-5).
2, 7
Let q = 14 + 0. List the prime factors of -1*q/(3 + -4).
2, 7
Suppose 0 = -2*m + m. Let p(j) = j**3 + j**2 + j + 30. List the prime factors of p(m).
2, 3, 5
What are the prime factors of 0 - (6 - 3) - -20?
17
What are the prime factors of ((-6)/3)/2*-46?
2, 23
Suppose -f + 0*f = -28. Su